{"id":114,"date":"2021-11-25T07:50:36","date_gmt":"2021-11-25T07:50:36","guid":{"rendered":"https:\/\/weinbau-haller.at\/?post_type=product&#038;p=114"},"modified":"2025-07-21T09:15:46","modified_gmt":"2025-07-21T09:15:46","slug":"fuerstenberg-cuvee-2018","status":"publish","type":"product","link":"https:\/\/weinbau-haller.at\/?product=fuerstenberg-cuvee-2018","title":{"rendered":"F\u00dcRSTENBERG CUV\u00c9E 2022"},"content":{"rendered":"","protected":false},"excerpt":{"rendered":"<p>ausgewogener komplexer Rotweincuv\u00e9e<br \/>\naus den Sorten Merlot, Zweigelt und<br \/>\nCabernet Sauvignon, gro\u00dfes Potential,<br \/>\n\u00fcberzeugt durch Harmonie und Reife<br \/>\nAlk. 14,0 % \u2022 RZ 1,8 g \u2022 S\u00e4ure 4,8 g\/l \u2022 0,75l<\/p>\n","protected":false},"featured_media":100,"comment_status":"open","ping_status":"closed","template":"","meta":{"neve_meta_sidebar":"","neve_meta_container":"","neve_meta_enable_content_width":"off","neve_meta_content_width":100,"neve_meta_title_alignment":"","neve_meta_author_avatar":"","neve_post_elements_order":"","neve_meta_disable_header":"","neve_meta_disable_footer":"","neve_meta_disable_title":"","_themeisle_gutenberg_block_has_review":false},"product_brand":[],"product_cat":[24],"product_tag":[],"class_list":{"0":"post-114","1":"product","2":"type-product","3":"status-publish","4":"has-post-thumbnail","6":"product_cat-kraftvoll-ausdrucksstark","8":"first","9":"instock","10":"shipping-taxable","11":"purchasable","12":"product-type-simple"},"_links":{"self":[{"href":"https:\/\/weinbau-haller.at\/index.php?rest_route=\/wp\/v2\/product\/114","targetHints":{"allow":["GET"]}}],"collection":[{"href":"https:\/\/weinbau-haller.at\/index.php?rest_route=\/wp\/v2\/product"}],"about":[{"href":"https:\/\/weinbau-haller.at\/index.php?rest_route=\/wp\/v2\/types\/product"}],"replies":[{"embeddable":true,"href":"https:\/\/weinbau-haller.at\/index.php?rest_route=%2Fwp%2Fv2%2Fcomments&post=114"}],"wp:featuredmedia":[{"embeddable":true,"href":"https:\/\/weinbau-haller.at\/index.php?rest_route=\/wp\/v2\/media\/100"}],"wp:attachment":[{"href":"https:\/\/weinbau-haller.at\/index.php?rest_route=%2Fwp%2Fv2%2Fmedia&parent=114"}],"wp:term":[{"taxonomy":"product_brand","embeddable":true,"href":"https:\/\/weinbau-haller.at\/index.php?rest_route=%2Fwp%2Fv2%2Fproduct_brand&post=114"},{"taxonomy":"product_cat","embeddable":true,"href":"https:\/\/weinbau-haller.at\/index.php?rest_route=%2Fwp%2Fv2%2Fproduct_cat&post=114"},{"taxonomy":"product_tag","embeddable":true,"href":"https:\/\/weinbau-haller.at\/index.php?rest_route=%2Fwp%2Fv2%2Fproduct_tag&post=114"}],"curies":[{"name":"wp","href":"https:\/\/api.w.org\/{rel}","templated":true}]}}

FÜRSTENBERG CUVÉE 2022

<p>ausgewogener komplexer Rotweincuvée<br />
aus den Sorten Merlot, Zweigelt und<br />
Cabernet Sauvignon, großes Potential,<br />
überzeugt durch Harmonie und Reife<br />
Alk. 14,0 % • RZ 1,8 g • Säure 4,8 g/l • 0,75l</p>
